e the prime factors of d?
3, 37
Let b(j) = 6*j**2 - 590*j - 119. List the prime factors of b(110).
3, 7, 19
Let h be 290/(-1 - (-45)/35). Suppose 4*u + 4*t = -0*u - 1020, 4*u = t - h. Let o = 384 + u. List the prime factors of o.
2, 5, 13
List the prime factors of (2136/(-10))/(46/(-3105)).
2, 3, 89
Let h be -4*3*(-4)/24. Suppose -5 = 3*u - s, 0*u - 3*u + h*s - 10 = 0. Suppose 3*r + k = -3*k + 260, u = -3*r - k + 263. What are the prime factors of r?
2, 11
Suppose -13*g - 1347 = -8913. Suppose -2*c = 2*f - g, -11 = -5*f - 6. List the prime factors of c.
2, 5, 29
Let h be 3 - (-3)/(0 + -3). Suppose v - 2*v = 4*q + h, 5 = v - 3*q. Suppose -32 = -v*i + 48. What are the prime factors of i?
2, 5
Let y(v) = -v**3 + v**2 - 21*v + 38. What are the prime factors of y(-11)?
1721
Let o = 159 + -157. Let b(a) = 66*a**2 + 3*a + 5. List the prime factors of b(o).
5, 11
List the prime factors of 176710/30 - (-3)/(-9).
2, 5, 19, 31
Let s(u) = 147*u + 1576. List the prime factors of s(40).
2, 233
Suppose 5*b - 37805 = -4*y, -4*b + 47254 = 16*y - 11*y. List the prime factors of y.
2, 3, 5, 7
Let x = -50 - -74. Suppose 2*a + x = 4*r - 0*a, -3*r = 3*a. What are the prime factors of 71 - (8/r - 1)?
2, 5, 7
What are the prime factors of (234/(-26) + (-8157)/15)/(1/(-10))?
2, 691
Let i(h) = 2*h**2 - h**2 - 3*h**2 + 25*h + 3*h**2 + 17. What are the prime factors of i(-26)?
43
Let d be ((-2)/4)/((210/(-19960))/(-21)). Let i = d + 1470. What are the prime factors of i?
2, 59
Let k = -51 - -55. Suppose -k*r - 6 = -2*n, 3*n = -0*n + 5*r + 6. List the prime factors of (-33)/(n - (-6)/(-8)*-2).
2, 11
Let o = -1330 + 659. Let j = 2150 + o. Suppose 6*w + 381 = j. What are the prime factors of w?
3, 61
Suppose 0 = 3*w - 12 - 30. Let c be (1440 + 3/1)*w/21. Suppose -d - 54 = x - 252, 5*d - 2*x - c = 0. What are the prime factors of d?
2, 97
Suppose 0 = -2*a + 5*b + 82 + 199, -2*a = -b - 277. Let h be (2*2)/(8/24). List the prime factors of a/8*(52/h + 1).
2, 23
Let y(x) = -x**3 + 9*x**2 - 3*x + 4. Suppose -3*q - 12 = z, 5*z + 4*q + 16 = -0. Suppose z = -l - 0*l + 5. List the prime factors of y(l).
89
Let t(x) = -31*x - 4. Let i(v) = -8*v**2 + 6*v + 6. Let a(y) = -y**3 - y + 1. Let j(s) = a(s) - i(s). Let c be j(7). What are the prime factors of t(c)?
151
Suppose 0 = -g + 4*o + 7225, -13*g - o = -15*g + 14478. Suppose 12*s + 389 = g. List the prime factors of s.
571
Suppose -36*h = -35*h + 9. Let t = h - -105. Let m = -27 + t. What are the prime factors of m?
3, 23
Let u(y) = 18*y - 1. Let z be u(2). Suppose 0 = 2*p + 3*p + z. Let s = 90 + p. What are the prime factors of s?
83
Let w = 8042 + 690. What are the prime factors of w?
2, 37, 59
Suppose -4*l + 4*x = 40, -l - 6 = 2*x + x. Let k be (-1 - (-25)/(-2))*24/l. List the prime factors of (-2 - k/(-21)) + (-380)/(-7).
2, 3
Let q(i) = 163*i + 1. Let g be q(1). Let t = -54 + 85. Suppose 5*p + t = s - 51, 5*p = 2*s - g. What are the prime factors of s?
2, 41
Let h be (0 + (-24)/28)*(-7)/1. Let i be 2 + ((-2)/h - (-295)/3). Suppose 0 = -5*u - 2*j + 419, 2*j = u - 3*j - i. List the prime factors of u.
5, 17
Let n(o) be the first derivative of o**2/2 - 12*o + 5. Let h be n(13). List the prime factors of (h/3)/(3/27).
3
Suppose 6*i - 2*j - 212 = 4*i, -528 = -5*i + 3*j. Let l = -211 + 119. Let m = i + l. List the prime factors of m.
13
Let a(j) = 204 + 34*j - 22*j - 63. List the prime factors of a(10).
3, 29
Let s be (2 - 91/(-2))*12/15. Let i = 38 - s. Suppose i = 5*d - d - 136. List the prime factors of d.
2, 17
Suppose 2*w = -5*z - 19, 4*z - 4 = 5*w + 2*z. What are the prime factors of (-1674)/(-24)*6*w/(-3)?
3, 31
Let p = 51454 + -28479. What are the prime factors of p?
5, 919
Suppose -4*p = -3*p - 16. Suppose 0 = -15*q + p*q + 157. Let l = 422 + q. What are the prime factors of l?
5, 53
Let a be 152/3*3/2. Suppose -4*m + 2*u = -494, 0*m - 3*m + 378 = -3*u. Let n = m - a. What are the prime factors of n?
3, 5
List the prime factors of (-3)/((-54)/(-20400))*126/(-15).
2, 5, 7, 17
Let s(b) be the first derivative of -2*b**3/3 + b**2/2 - 15*b - 16. Let p be s(-7). Let g = 185 + p. What are the prime factors of g?
5, 13
Let p = 49527 - 18245. What are the prime factors of p?
2, 15641
Let x = -24 + 60. Suppose 0 = -5*g + g + x. List the prime factors of 997/g - (190/(-45) + 4).
3, 37
Let b(u) = 3397*u**2 - 30*u - 6. List the prime factors of b(-4).
2, 113, 241
List the prime factors of (-77)/(-770) + (-317049)/(-10).
5, 17, 373
Let d = 19 - 16. Let f be 34/(2 - (-6)/d - 2). Suppose -u + 17 + f = 0. What are the prime factors of u?
2, 17
Let i(z) = -24*z - 20. Let f be i(9). Let y = f - -857. What are the prime factors of y?
3, 23
Suppose -7*k = k - 24. Suppose 0 = -5*q + 2*a - k*a + 2564, a - 4 = 0. What are the prime factors of q?
2
Let g(m) = -6*m - 13. Suppose 0 = -0*w - 2*w - 5*f + 26, 0 = -3*w + 4*f - 7. Suppose w*v = -39 - 0. List the prime factors of g(v).
5, 13
Let v = -304 + 308. Suppose -41*j - 2851 = -45*j + 5*o, 3*j = v*o + 2138. List the prime factors of j.
2, 3, 7, 17
Let t(h) = 69*h**2 - 11*h - 15. Let s(p) = -p**3 + 3*p**2 + 8*p + 8. Let o be s(5). What are the prime factors of t(o)?
283
Suppose -3*y = 4*u + 3, -2*y - 2 = 5*u + 7. List the prime factors of ((-15)/(-45))/(u/(-11979)).
11
Let i be 760/140 - (16/14)/(-2). Let m(v) = -3*v + 28. Let j be m(i). Suppose -2*f + j = -216. What are the prime factors of f?
113
List the prime factors of 21/(1008/325716) + 1/4.
2, 3, 13, 29
Let a = -22562 - -38607. List the prime factors of a.
5, 3209
Let m(x) = -x**2 - 19*x - 74. Let b be m(-6). Suppose -b*f = -3*q + 3768, 4*q = -q - 3*f + 6280. List the prime factors of q.
2, 157
Suppose 6*t = 7 - 31. Let w(h) = -h**3 + 19*h**2 - 16*h - 10. Let m be w(18). List the prime factors of 2/(26/769) + t/m.
59
Let a(j) = 503*j - 81. List the prime factors of a(9).
2, 3, 13, 19
Suppose -4*h = -r - 133427 + 30964, 3*h - 3*r = 76854. What are the prime factors of h?
5, 47, 109
Let r(m) = m**2 + 17*m - 33. Let y be r(-19). Suppose y*c + t + 2505 - 6629 = 0, -4*c = -4*t - 3304. List the prime factors of c.
3, 5, 11
Suppose -44*v - w + 31408 = -42*v, 3*v = 5*w + 47073. What are the prime factors of v?
7, 2243
Suppose -3*t - 5*v = -48604, -4*t + 4*v + 64811 = 5*v. List the prime factors of t.
3, 11, 491
Suppose w + m - 4494 = 0, -8997 = -2*w - 0*w + m. Let q = w - 3158. List the prime factors of q.
13, 103
Let x(c) = 2*c**2 + c + 1. Let i(s) = -3*s**2 - 20 + 4*s - 9*s**3 - 3*s - 11*s**2 + 10*s**3. Let a be i(14). What are the prime factors of x(a)?
67
Let z = 27 + -30. Let s be (-1922)/(-12) - z/(-18). Suppose 5*y - 10 = 0, 5*f + 3*y - s = 141. What are the prime factors of f?
59
Suppose 4*n = -v - 9, -5*v - 4*n = -3*n - 12. Suppose 4*a - v*a = 49. Suppose -g = 3*w - 63, -g = 2*w - 6*w - a. List the prime factors of g.
3, 19
Let b be 6045/(-26)*48/(-10). Suppose -b + 6100 = 7*u. What are the prime factors of u?
2, 89
Let f be (-35 - -30)/(32/(-30) + 1). Let z = f - 131. List the prime factors of (z/6)/((-9)/27).
2, 7
Let u be ((-27)/15)/((-3)/5). Suppose u*x - 4*l = 2167, -4*x - 11*l + 2879 = -6*l. List the prime factors of x.
7, 103
Let l be (-2)/(-7) - 10219/(-77). Let j = l - 216. Let h = j + 141. List the prime factors of h.
2, 29
Let q be 642 - -3*8/(-24). Let t = q + -548. What are the prime factors of t?
3, 31
What are the prime factors of 2*(-1407)/(-2) + (-5 - -3)?
5, 281
Let o be (2 + -1)*1 + (-27)/(-3). Let j = o - -191. Suppose 3*u - 12 = 0, -3*i = 2*u - j - 293. List the prime factors of i.
2, 3
Let l(d) = d + 15. Let n be l(-10). Suppose 809 = n*q - 1676. Suppose 0 = 6*s + s - q. List the prime factors of s.
71
What are the prime factors of ((-186505)/(-22))/(-5)*(6 + -48)?
3, 7, 3391
Suppose 270 = -4*r - 154. Let b = -150 - -151. List the prime factors of b - -1 - (2 + 2 + r).
2, 13
Suppose -13*u + 32*u = -48*u + 414864. List the prime factors of u.
2, 3, 43
Let o = -550 - -205. Let k be o*(12/(-5) - (-1 - 1)). Let j = -16 + k. List the prime factors of j.
2, 61
Let z = -211 + 214. Suppose 0 = -17*k - z*k + 5020. List the prime factors of k.
251
Let t = -56 - -78. Suppose t*p + 2044 = 9634. What are the prime factors of p?
3, 5, 23
Let w = 425 + 51. Let z = w - 287. What are the prime factors of z?
3, 7
Let v(j) = 3*j**2 - 24